er when w(c) is divided by 4?
3
Suppose 1 = -0*w - w, 19 = 2*n - 5*w. Suppose -4*k + 21 = -n. Calculate the remainder when 12 is divided by k.
5
What is the remainder when 330 is divided by (-4)/48 + 1352/96?
8
Let g = 439 + -353. Calculate the remainder when 429 is divided by g.
85
Calculate the remainder when 2 + 70 - (-1)/((-6)/30) is divided by 18.
13
Let a(v) = v - 8 + 0*v**3 + 7*v**2 + 11 - v**3. Suppose 0 = -s - 3*n - 1 - 7, -3*n = -2*s + 29. What is the remainder when 19 is divided by a(s)?
9
Let q be 490/18 + 10/(-45). Let v = q - 10. Let d = 38 - 28. What is the remainder when v is divided by d?
7
Suppose 2*o + 2*p = -2, 5*p = o + 1 - 6. Suppose 3*l - 3 = o, -4*k = -2*k - 4*l - 34. What is the remainder when 54 is divided by k?
16
Suppose 2*w + 5*g = 473, 18*w - 253 = 17*w + 3*g. Calculate the remainder when w is divided by 67.
43
Let v = 205 - 179. Calculate the remainder when 154 is divided by v.
24
Suppose 3*c - 9 = 24. Let z = 14 - c. Suppose 0*t = t - 2, -2*q = -z*t - 14. Calculate the remainder when 39 is divided by q.
9
Let c(l) = l**3 - 9*l**2 - 16*l - 33. Calculate the remainder when c(11) is divided by 9.
6
Suppose f - 9 = 35. Suppose 4*m + 0*w - 9 = -w, 4*m = 2*w + 6. Suppose m*t + f = 4*g + 5*t, -12 = 3*t. What is the remainder when g is divided by 9?
5
Let f(b) = -14*b - 11*b - 49*b + 10*b + 3. Suppose 0 = -5*x - 17 - 3, -5*g + 69 = 4*x. Calculate the remainder when f(-1) is divided by g.
16
Suppose 2*o - 4*o - 24 = 0. Let z = o - -42. Suppose 0 = 4*c - 78 - z. What is the remainder when 107 is divided by c?
26
Let o = 435 + -334. Calculate the remainder when o is divided by 17.
16
Suppose 21*b - 32 = 19*b. Suppose -u + b = -7. What is the remainder when u is divided by 5?
3
Calculate the remainder when (-222)/(-5)*(-240)/(-72) is divided by 23.
10
Let w = 46 + -18. Suppose -2*n + 4*z + w = 0, -2 = -5*n + 4*z + 50. Calculate the remainder when 28 is divided by n.
4
Let j = 96 + -35. What is the remainder when 912 is divided by j?
58
Let z(w) = w**3 + 10*w**2 - 16*w - 9. What is the remainder when z(-11) is divided by 24?
22
Let l(b) = 2*b - 19. Let f be l(19). What is the remainder when 26 is divided by 3*(-18 + f - 2/(-1))?
8
Suppose 0 = -29*d - 11*d + 4920. What is the remainder when 358 is divided by d?
112
Let v be ((-10)/(-15) + -4)/((-2)/(-6)). Let r(f) = -f**3 - 10*f**2 - 4*f - 8. Calculate the remainder when 124 is divided by r(v).
28
Let j(n) = -18*n**3 - 2*n**2 - 2*n - 1. Let a(i) = -2*i + 3. Let o be a(2). Calculate the remainder when ((-74)/(-4) - 3)*(-10)/(-5) is divided by j(o).
14
Suppose 0 = 4*c - 241 - 87. Let w = c + -55. Calculate the remainder when w is divided by 3.
0
Let b = 10 + -24. Let d = b - -19. Suppose -d*j + 111 = 36. What is the remainder when 27 is divided by j?
12
Let k = 39 - -118. What is the remainder when k is divided by 10?
7
What is the remainder when (0 + (-50)/30)/((-2)/234) is divided by 33?
30
Let k(i) = 3*i**3 + i**2 + 3*i + 3. Let j be k(-1). What is the remainder when 93 is divided by (-1089)/(-44) - j/8?
18
Suppose -4*m + 3*m + 25 = 2*x, 0 = 2*x - 4*m - 10. Suppose t - 5*t - 4*h + 160 = 0, -h - 206 = -5*t. What is the remainder when t is divided by x?
8
Let c be (5 - (-4)/(-1))*-2. What is the remainder when 53 is divided by 8/c - (-18 + -4)?
17
Let v be (1 + 2 - (4 - -3)) + -116. Let f = 167 + v. Calculate the remainder when f is divided by 10.
7
Let x(t) = t**3 - 7*t**2 + 3*t - 13. Let l be x(7). Suppose -5*h = 2*m + 274, -67 = h - m - l. Let i = -24 - h. Calculate the remainder when i is divided by 9.
5
Let p = 683 - 559. Let b = 1 - -20. What is the remainder when p is divided by b?
19
Let t be 42*(4/12 - 33/(-63)). Calculate the remainder when 109 is divided by (8/5)/(t/630).
25
Suppose -5*m + 6*m = 0. Let a(l) = -l + 7. What is the remainder when a(m) is divided by (4/6)/((-2)/(-9))?
1
Let u(b) = -b**3 + 4*b**2 + 5*b - 3. Let h be u(5). Let i be 1 + h + 0 + 5. What is the remainder when 19 is divided by 2 + -4 - (-36)/i?
9
Let n(v) = v - 6. Let f be n(11). Suppose -t = f*a - 74, 3*t + 4*a = -20 + 231. Calculate the remainder when t is divided by 24.
21
Let w(h) be the second derivative of -2*h**3/3 - 10*h**2 + h. Let a(n) = -n**2 + 9*n - 4. Let z be a(10). What is the remainder when w(z) is divided by 13?
10
Suppose -403 = -4*s - 5*v, 200 = 2*s - 7*v + 11*v. Calculate the remainder when s is divided by 24.
6
Let p be 8 - 7 - (0 - 14). Suppose 0 = -7*f + 2*f - p. Calculate the remainder when 107 is divided by f/(-1) + (21 - -3).
26
Let c(b) = 0 - 732*b**2 + b**3 + 1 + 730*b**2. Suppose -3*u + 6 + 108 = 0. What is the remainder when u is divided by c(3)?
8
Let m(y) = -y - 23. Let c be m(0). Suppose 4*j + 3 = -5*x + 132, 3*j = -5*x + 133. Let a = x + c. What is the remainder when 16 is divided by a?
4
Let r = 0 - -9. Let t be 3 - 0 - (-16)/(-1). Let a = -10 - t. Calculate the remainder when r is divided by a.
0
Let p be (-4 - -4)/((-2)/1). Suppose 3*q - 4*q + 19 = -2*j, 2*q - 2*j - 30 = p. What is the remainder when 31 is divided by q?
9
Let b(u) = 1 - u**3 - 120*u - 6 - 10*u**2 + 110*u. Suppose d = -4*i + 50, i = -0*i - 2*d + 9. What is the remainder when i is divided by b(-9)?
1
Let m(c) = c**3 + 17*c**2 + 16*c + 8. Let g be m(-16). Suppose 0 = -2*v + 28 + g. What is the remainder when 47 is divided by v?
11
Suppose -7*o = 4*o - 22. Suppose -1 + 5 = y. Calculate the remainder when 19 is divided by ((-42)/(-12))/(o/y).
5
Let n(j) = -6*j + 1. Let m = -545 + 350. What is the remainder when n(-7) is divided by (-4)/(-24) + m/(-18)?
10
Let u = -99 + 101. Suppose 2*d - 23 = -j + u, j = 5. Calculate the remainder when 107 is divided by d.
7
Suppose -431 = -21*p + 682. What is the remainder when 205 is divided by p?
46
Let p = 2174 - 1877. What is the remainder when p is divided by 41?
10
Suppose 3*d + 2 = 3*x - 2*x, -5*d + 10 = 5*x. Suppose x*r + 14 = 2*s, r - 8 = -3*s - s. Suppose -s*h = h - 84. Calculate the remainder when 82 is divided by h.
19
Let i(m) = 52*m - 5. Let l be i(5). Calculate the remainder when l/(-6)*(-3 - 1)/1 is divided by 35.
30
Suppose -8 = -i + 2*z, i + 2 = -2*z - z. Suppose -i*v + 5 = -3. Suppose 3*y = v*m + 10, 30 + 2 = 2*y + 5*m. What is the remainder when 21 is divided by y?
3
Let j(d) = d**2 + d + 14. Let o be j(0). Let x = o - 7. Suppose -c + 15 = x. Calculate the remainder when 15 is divided by c.
7
Let n(v) = 5*v + 26*v + 1 + 11*v**2 + 5 - 10*v + v**3. What is the remainder when 57 is divided by n(-8)?
27
Suppose -c = -2*c + 2*k + 1, -3*k + 9 = 0. Suppose -3 = q - c. What is the remainder when 8 is divided by q?
0
Let n(p) = 73*p - 236. Calculate the remainder when n(4) is divided by 16.
8
Let i = 4 - -4. Let l(c) = c**3 + 8*c**2 - 19*c - 59. What is the remainder when l(-9) is divided by i?
7
Suppose -3*k + 441 = -111. Let r(o) = 13*o**2 - o + 8. Calculate the remainder when k is divided by r(-2).
60
Suppose 0 = -5*x - 2*p - 4 - 0, -10 = 4*x + 5*p. Suppose 16 = -x*i + i. Suppose 2*k - 11 - 7 = 0. What is the remainder when i is divided by k?
7
Suppose -2*m = -0*m - 22. What is the remainder when 120 is divided by m?
10
Let s = 38 + -21. Suppose -b = -27 + s. What is the remainder when 38 is divided by b?
8
Let g = -720 - -755. Calculate the remainder when 1364 is divided by g.
34
Suppose -3*x = -4*x + 24. What is the remainder when 124/(6/(-3))*(360/(-20) + 17) is divided by x?
14
Let p = -6 + 9. Let x be 6/(-9) + (-26)/(-3). Suppose -x*t = -4*t - 5*n + 11, t = 2*n - 5. Calculate the remainder when p is divided by t.
0
Let z = -313 - -449. Suppose 3*r - 9 = 0, 5*j - z - 17 = -r. What is the remainder when j is divided by 16?
14
Suppose -3*h - 5*a = -26, 26*a = -2*h + 22*a + 14. Calculate the remainder when 3210 is divided by h.
14
Suppose 0 = 5*n - h - 13, -5*n + 24 = 4*h + 1. What is the remainder when n is divided by 3?
0
Suppose -6*u + 3*u + 6 = 0. Suppose -t - u*t + 240 = 0. What is the remainder when t is divided by 41?
39
Let b(m) = m**2 + 4*m - 3. Let p be b(-7). Let c = p - 14. Suppose -z - 12 = -c*z. Calculate the remainder when 14 is divided by z.
2
Suppose 270 = 4*i + 11*i. Calculate the remainder when 139 is divided by i.
13
Suppose 2*x + 2*s = 0, -s + 2*s = x. Suppose -28 = -3*n + 5*u, u = 2*n - x*n - 21. Calculate the remainde